{"id":276213,"date":"2025-09-25T18:05:48","date_gmt":"2025-09-25T18:05:48","guid":{"rendered":"https:\/\/royalpeacock.agency\/kk\/alf\/?page_id=276213"},"modified":"2026-01-28T07:26:28","modified_gmt":"2026-01-28T07:26:28","slug":"visuomenei","status":"publish","type":"page","link":"https:\/\/kaunokolegija.lt\/alytus\/visuomenei\/","title":{"rendered":"Visuomenei"},"content":{"rendered":"\n<div class=\"wp-block-columns top-p is-layout-flex wp-container-core-columns-is-layout-9c04c5f0 wp-block-columns-is-layout-flex\" style=\"margin-top:var(--wp--preset--spacing--s);margin-bottom:var(--wp--preset--spacing--s);padding-top:0;padding-bottom:0\">\n<div class=\"wp-block-column has-global-padding is-layout-constrained wp-container-core-column-is-layout-d0f22c05 wp-block-column-is-layout-constrained\">\n<div class=\"wp-block-columns abcd has-background is-layout-flex wp-container-core-columns-is-layout-28f84493 wp-block-columns-is-layout-flex\" style=\"background-color:#f9f9f9\">\n<div class=\"wp-block-column is-layout-flow wp-block-column-is-layout-flow\" style=\"padding-top:0;padding-right:0;padding-bottom:0;padding-left:0\">\n<div class=\"wp-block-buttons is-content-justification-center is-layout-flex wp-container-core-buttons-is-layout-a89b3969 wp-block-buttons-is-layout-flex\">\n<div class=\"wp-block-button\"><a class=\"wp-block-button__link has-base-background-color has-text-color has-background has-link-color wp-element-button\" href=\"https:\/\/kaunokolegija.lt\/alytus\/steam-alytus\/\" style=\"color:#399e97\">STEAM Alytus<\/a><\/div>\n<\/div>\n<\/div>\n\n\n\n<div class=\"wp-block-column is-layout-flow wp-block-column-is-layout-flow\">\n<div class=\"wp-block-buttons is-content-justification-center is-layout-flex wp-container-core-buttons-is-layout-a89b3969 wp-block-buttons-is-layout-flex\">\n<div class=\"wp-block-button\"><a class=\"wp-block-button__link has-base-background-color has-text-color has-background has-link-color wp-element-button\" href=\"https:\/\/kaunokolegija.lt\/alytus\/europe-direct-alytus\/\" style=\"color:#399e97\">\u201eEurope Direct Alytus\u201c<\/a><\/div>\n<\/div>\n<\/div>\n\n\n\n<div class=\"wp-block-column is-layout-flow wp-block-column-is-layout-flow\">\n<div class=\"wp-block-buttons is-content-justification-center is-layout-flex wp-container-core-buttons-is-layout-a89b3969 wp-block-buttons-is-layout-flex\">\n<div class=\"wp-block-button\"><a class=\"wp-block-button__link has-base-background-color has-text-color has-background has-link-color wp-element-button\" href=\"https:\/\/kaunokolegija.lt\/alytus\/jaunuju-informatiku-akademija\/\" style=\"color:#399e97\">Jaun\u0173j\u0173 informatik\u0173 akademija<\/a><\/div>\n<\/div>\n<\/div>\n\n\n\n<div class=\"wp-block-column is-layout-flow wp-block-column-is-layout-flow\">\n<div class=\"wp-block-buttons is-content-justification-center is-layout-flex wp-container-core-buttons-is-layout-a89b3969 wp-block-buttons-is-layout-flex\">\n<div class=\"wp-block-button\"><a class=\"wp-block-button__link has-base-background-color has-text-color has-background has-link-color wp-element-button\" href=\"https:\/\/kaunokolegija.lt\/alytus\/svietimo-darbuotoju-kvalifikacijos-tobulinimas\/\" style=\"color:#399e97\">\u0160vietimo darbuotoj\u0173 kvalifikacijos tobulinimas<\/a><\/div>\n<\/div>\n<\/div>\n\n\n\n<div class=\"wp-block-column is-layout-flow wp-block-column-is-layout-flow\">\n<div class=\"wp-block-buttons is-content-justification-center is-layout-flex wp-container-core-buttons-is-layout-a89b3969 wp-block-buttons-is-layout-flex\">\n<div class=\"wp-block-button\"><a class=\"wp-block-button__link has-base-background-color has-text-color has-background has-link-color wp-element-button\" href=\"https:\/\/kaunokolegija.lt\/alytus\/mokymai-kursai-stazuotes\/\" style=\"color:#399e97\">Mokymai, kursai, sta\u017euot\u0117s<\/a><\/div>\n<\/div>\n<\/div>\n<\/div>\n<\/div>\n<\/div>\n","protected":false},"excerpt":{"rendered":"","protected":false},"author":1,"featured_media":276683,"parent":0,"menu_order":0,"comment_status":"closed","ping_status":"closed","template":"","meta":{"footnotes":""},"class_list":["post-276213","page","type-page","status-publish","has-post-thumbnail","hentry"],"yoast_head":"<!-- This site is optimized with the Yoast SEO plugin v27.4 - https:\/\/yoast.com\/product\/yoast-seo-wordpress\/ -->\n<title>Visuomenei - Alytaus fakultetas<\/title>\n<meta name=\"robots\" content=\"index, follow, max-snippet:-1, max-image-preview:large, max-video-preview:-1\" \/>\n<link rel=\"canonical\" href=\"https:\/\/kaunokolegija.lt\/alytus\/visuomenei\/\" \/>\n<meta property=\"og:locale\" content=\"lt_LT\" \/>\n<meta property=\"og:type\" content=\"article\" \/>\n<meta property=\"og:title\" content=\"Visuomenei - Alytaus fakultetas\" \/>\n<meta property=\"og:url\" content=\"https:\/\/kaunokolegija.lt\/alytus\/visuomenei\/\" \/>\n<meta property=\"og:site_name\" content=\"Alytaus fakultetas\" \/>\n<meta property=\"article:publisher\" content=\"https:\/\/www.facebook.com\/Kauno.kolegija\/\" \/>\n<meta property=\"article:modified_time\" content=\"2026-01-28T07:26:28+00:00\" \/>\n<meta property=\"og:image\" content=\"https:\/\/kaunokolegija.lt\/alytus\/wp-content\/uploads\/sites\/17\/2026\/01\/KK_Biblioteka_2026-34-scaled.webp\" \/>\n\t<meta property=\"og:image:width\" content=\"2560\" \/>\n\t<meta property=\"og:image:height\" content=\"1706\" \/>\n\t<meta property=\"og:image:type\" content=\"image\/webp\" \/>\n<meta name=\"twitter:card\" content=\"summary_large_image\" \/>\n<script type=\"application\/ld+json\" class=\"yoast-schema-graph\">{\"@context\":\"https:\\\/\\\/schema.org\",\"@graph\":[{\"@type\":\"WebPage\",\"@id\":\"https:\\\/\\\/kaunokolegija.lt\\\/alytus\\\/visuomenei\\\/\",\"url\":\"https:\\\/\\\/kaunokolegija.lt\\\/alytus\\\/visuomenei\\\/\",\"name\":\"Visuomenei - Alytaus fakultetas\",\"isPartOf\":{\"@id\":\"https:\\\/\\\/kaunokolegija.lt\\\/alytus\\\/#website\"},\"primaryImageOfPage\":{\"@id\":\"https:\\\/\\\/kaunokolegija.lt\\\/alytus\\\/visuomenei\\\/#primaryimage\"},\"image\":{\"@id\":\"https:\\\/\\\/kaunokolegija.lt\\\/alytus\\\/visuomenei\\\/#primaryimage\"},\"thumbnailUrl\":\"https:\\\/\\\/kaunokolegija.lt\\\/alytus\\\/wp-content\\\/uploads\\\/sites\\\/17\\\/2026\\\/01\\\/KK_Biblioteka_2026-34-scaled.webp\",\"datePublished\":\"2025-09-25T18:05:48+00:00\",\"dateModified\":\"2026-01-28T07:26:28+00:00\",\"breadcrumb\":{\"@id\":\"https:\\\/\\\/kaunokolegija.lt\\\/alytus\\\/visuomenei\\\/#breadcrumb\"},\"inLanguage\":\"lt-LT\",\"potentialAction\":[{\"@type\":\"ReadAction\",\"target\":[\"https:\\\/\\\/kaunokolegija.lt\\\/alytus\\\/visuomenei\\\/\"]}]},{\"@type\":\"ImageObject\",\"inLanguage\":\"lt-LT\",\"@id\":\"https:\\\/\\\/kaunokolegija.lt\\\/alytus\\\/visuomenei\\\/#primaryimage\",\"url\":\"https:\\\/\\\/kaunokolegija.lt\\\/alytus\\\/wp-content\\\/uploads\\\/sites\\\/17\\\/2026\\\/01\\\/KK_Biblioteka_2026-34-scaled.webp\",\"contentUrl\":\"https:\\\/\\\/kaunokolegija.lt\\\/alytus\\\/wp-content\\\/uploads\\\/sites\\\/17\\\/2026\\\/01\\\/KK_Biblioteka_2026-34-scaled.webp\",\"width\":2560,\"height\":1706},{\"@type\":\"BreadcrumbList\",\"@id\":\"https:\\\/\\\/kaunokolegija.lt\\\/alytus\\\/visuomenei\\\/#breadcrumb\",\"itemListElement\":[{\"@type\":\"ListItem\",\"position\":1,\"name\":\"Home\",\"item\":\"https:\\\/\\\/kaunokolegija.lt\\\/alytus\\\/\"},{\"@type\":\"ListItem\",\"position\":2,\"name\":\"Visuomenei\"}]},{\"@type\":\"WebSite\",\"@id\":\"https:\\\/\\\/kaunokolegija.lt\\\/alytus\\\/#website\",\"url\":\"https:\\\/\\\/kaunokolegija.lt\\\/alytus\\\/\",\"name\":\"Alytaus fakultetas\",\"description\":\"Kauno kolegija\",\"publisher\":{\"@id\":\"https:\\\/\\\/kaunokolegija.lt\\\/alytus\\\/#organization\"},\"potentialAction\":[{\"@type\":\"SearchAction\",\"target\":{\"@type\":\"EntryPoint\",\"urlTemplate\":\"https:\\\/\\\/kaunokolegija.lt\\\/alytus\\\/?s={search_term_string}\"},\"query-input\":{\"@type\":\"PropertyValueSpecification\",\"valueRequired\":true,\"valueName\":\"search_term_string\"}}],\"inLanguage\":\"lt-LT\"},{\"@type\":\"Organization\",\"@id\":\"https:\\\/\\\/kaunokolegija.lt\\\/alytus\\\/#organization\",\"name\":\"Kauno kolegija\",\"url\":\"https:\\\/\\\/kaunokolegija.lt\\\/alytus\\\/\",\"logo\":{\"@type\":\"ImageObject\",\"inLanguage\":\"lt-LT\",\"@id\":\"https:\\\/\\\/kaunokolegija.lt\\\/alytus\\\/#\\\/schema\\\/logo\\\/image\\\/\",\"url\":\"https:\\\/\\\/kaunokolegija.lt\\\/alytus\\\/wp-content\\\/uploads\\\/sites\\\/17\\\/2026\\\/01\\\/cropped-KK_ALYTUS_COLOR.png\",\"contentUrl\":\"https:\\\/\\\/kaunokolegija.lt\\\/alytus\\\/wp-content\\\/uploads\\\/sites\\\/17\\\/2026\\\/01\\\/cropped-KK_ALYTUS_COLOR.png\",\"width\":2084,\"height\":2084,\"caption\":\"Kauno kolegija\"},\"image\":{\"@id\":\"https:\\\/\\\/kaunokolegija.lt\\\/alytus\\\/#\\\/schema\\\/logo\\\/image\\\/\"},\"sameAs\":[\"https:\\\/\\\/www.facebook.com\\\/Kauno.kolegija\\\/\"]}]}<\/script>\n<!-- \/ Yoast SEO plugin. -->","yoast_head_json":{"title":"Visuomenei - Alytaus fakultetas","robots":{"index":"index","follow":"follow","max-snippet":"max-snippet:-1","max-image-preview":"max-image-preview:large","max-video-preview":"max-video-preview:-1"},"canonical":"https:\/\/kaunokolegija.lt\/alytus\/visuomenei\/","og_locale":"lt_LT","og_type":"article","og_title":"Visuomenei - Alytaus fakultetas","og_url":"https:\/\/kaunokolegija.lt\/alytus\/visuomenei\/","og_site_name":"Alytaus fakultetas","article_publisher":"https:\/\/www.facebook.com\/Kauno.kolegija\/","article_modified_time":"2026-01-28T07:26:28+00:00","og_image":[{"width":2560,"height":1706,"url":"https:\/\/kaunokolegija.lt\/alytus\/wp-content\/uploads\/sites\/17\/2026\/01\/KK_Biblioteka_2026-34-scaled.webp","type":"image\/webp"}],"twitter_card":"summary_large_image","schema":{"@context":"https:\/\/schema.org","@graph":[{"@type":"WebPage","@id":"https:\/\/kaunokolegija.lt\/alytus\/visuomenei\/","url":"https:\/\/kaunokolegija.lt\/alytus\/visuomenei\/","name":"Visuomenei - Alytaus fakultetas","isPartOf":{"@id":"https:\/\/kaunokolegija.lt\/alytus\/#website"},"primaryImageOfPage":{"@id":"https:\/\/kaunokolegija.lt\/alytus\/visuomenei\/#primaryimage"},"image":{"@id":"https:\/\/kaunokolegija.lt\/alytus\/visuomenei\/#primaryimage"},"thumbnailUrl":"https:\/\/kaunokolegija.lt\/alytus\/wp-content\/uploads\/sites\/17\/2026\/01\/KK_Biblioteka_2026-34-scaled.webp","datePublished":"2025-09-25T18:05:48+00:00","dateModified":"2026-01-28T07:26:28+00:00","breadcrumb":{"@id":"https:\/\/kaunokolegija.lt\/alytus\/visuomenei\/#breadcrumb"},"inLanguage":"lt-LT","potentialAction":[{"@type":"ReadAction","target":["https:\/\/kaunokolegija.lt\/alytus\/visuomenei\/"]}]},{"@type":"ImageObject","inLanguage":"lt-LT","@id":"https:\/\/kaunokolegija.lt\/alytus\/visuomenei\/#primaryimage","url":"https:\/\/kaunokolegija.lt\/alytus\/wp-content\/uploads\/sites\/17\/2026\/01\/KK_Biblioteka_2026-34-scaled.webp","contentUrl":"https:\/\/kaunokolegija.lt\/alytus\/wp-content\/uploads\/sites\/17\/2026\/01\/KK_Biblioteka_2026-34-scaled.webp","width":2560,"height":1706},{"@type":"BreadcrumbList","@id":"https:\/\/kaunokolegija.lt\/alytus\/visuomenei\/#breadcrumb","itemListElement":[{"@type":"ListItem","position":1,"name":"Home","item":"https:\/\/kaunokolegija.lt\/alytus\/"},{"@type":"ListItem","position":2,"name":"Visuomenei"}]},{"@type":"WebSite","@id":"https:\/\/kaunokolegija.lt\/alytus\/#website","url":"https:\/\/kaunokolegija.lt\/alytus\/","name":"Alytaus fakultetas","description":"Kauno kolegija","publisher":{"@id":"https:\/\/kaunokolegija.lt\/alytus\/#organization"},"potentialAction":[{"@type":"SearchAction","target":{"@type":"EntryPoint","urlTemplate":"https:\/\/kaunokolegija.lt\/alytus\/?s={search_term_string}"},"query-input":{"@type":"PropertyValueSpecification","valueRequired":true,"valueName":"search_term_string"}}],"inLanguage":"lt-LT"},{"@type":"Organization","@id":"https:\/\/kaunokolegija.lt\/alytus\/#organization","name":"Kauno kolegija","url":"https:\/\/kaunokolegija.lt\/alytus\/","logo":{"@type":"ImageObject","inLanguage":"lt-LT","@id":"https:\/\/kaunokolegija.lt\/alytus\/#\/schema\/logo\/image\/","url":"https:\/\/kaunokolegija.lt\/alytus\/wp-content\/uploads\/sites\/17\/2026\/01\/cropped-KK_ALYTUS_COLOR.png","contentUrl":"https:\/\/kaunokolegija.lt\/alytus\/wp-content\/uploads\/sites\/17\/2026\/01\/cropped-KK_ALYTUS_COLOR.png","width":2084,"height":2084,"caption":"Kauno kolegija"},"image":{"@id":"https:\/\/kaunokolegija.lt\/alytus\/#\/schema\/logo\/image\/"},"sameAs":["https:\/\/www.facebook.com\/Kauno.kolegija\/"]}]}},"_links":{"self":[{"href":"https:\/\/kaunokolegija.lt\/alytus\/wp-json\/wp\/v2\/pages\/276213","targetHints":{"allow":["GET"]}}],"collection":[{"href":"https:\/\/kaunokolegija.lt\/alytus\/wp-json\/wp\/v2\/pages"}],"about":[{"href":"https:\/\/kaunokolegija.lt\/alytus\/wp-json\/wp\/v2\/types\/page"}],"author":[{"embeddable":true,"href":"https:\/\/kaunokolegija.lt\/alytus\/wp-json\/wp\/v2\/users\/1"}],"replies":[{"embeddable":true,"href":"https:\/\/kaunokolegija.lt\/alytus\/wp-json\/wp\/v2\/comments?post=276213"}],"version-history":[{"count":5,"href":"https:\/\/kaunokolegija.lt\/alytus\/wp-json\/wp\/v2\/pages\/276213\/revisions"}],"predecessor-version":[{"id":276691,"href":"https:\/\/kaunokolegija.lt\/alytus\/wp-json\/wp\/v2\/pages\/276213\/revisions\/276691"}],"wp:featuredmedia":[{"embeddable":true,"href":"https:\/\/kaunokolegija.lt\/alytus\/wp-json\/wp\/v2\/media\/276683"}],"wp:attachment":[{"href":"https:\/\/kaunokolegija.lt\/alytus\/wp-json\/wp\/v2\/media?parent=276213"}],"curies":[{"name":"wp","href":"https:\/\/api.w.org\/{rel}","templated":true}]}}